s r(-10)?
11
Let n(p) = 2*p**2 + 6*p - 8. Determine n(-5).
12
Let x(h) = h**2 + 20*h - 94. Calculate x(-24).
2
Let n(m) = 4*m**3 - 13*m**2 - 37*m + 15. Calculate n(5).
5
Let r(m) = m + 7. Determine r(-12).
-5
Let p(z) = 6*z**2 - 7*z - 28. Calculate p(3).
5
Let q(t) = -t**3 + 7*t**2 - 6*t + 6. What is q(3)?
24
Let o(v) = -v**3 - 13*v**2 - 13*v - 18. What is o(-12)?
-6
Let s(v) = -20*v**2 + 4. What is s(-2)?
-76
Let w(y) = 6*y + 100. Determine w(-17).
-2
Let l(w) = w**3 + 11*w**2 + 17*w + 53. Calculate l(-10).
-17
Let h(w) = w**3 + 27*w**2 + 52*w + 49. Give h(-25).
-1
Let l(x) = x**2 + 2*x - 19. What is l(-6)?
5
Let c(n) = -11*n + 73. Calculate c(7).
-4
Let z(b) = 6*b**2 + 3*b - 2. Calculate z(1).
7
Let i(g) = g**3 - 20*g**2 - 24*g + 60. Calculate i(21).
-3
Let h(q) = -7*q**2. Calculate h(1).
-7
Let q(z) = -5*z**2 - 5. What is q(-5)?
-130
Let a(d) = -d**3 - 5*d**2 + 3*d + 21. Determine a(-4).
-7
Let o(l) = 35*l**2 + l - 1. What is o(-1)?
33
Let w(j) = -5*j**3 - 7*j**2 + 2*j + 2. What is w(-3)?
68
Let d(z) = 3*z**2 + 15*z + 23. Give d(-5).
23
Let z(g) = -11*g. Calculate z(4).
-44
Let b(h) = -h**3 - 14*h**2 - 50*h + 10. Calculate b(-8).
26
Let i(p) = 23*p**2 - 6*p + 4. Give i(1).
21
Let k(j) = 10*j**2 - j - 3. Give k(-2).
39
Let a(j) = -j**3 + 2*j**2 - 4*j + 1. What is a(4)?
-47
Let j(r) = r**3 + 18*r**2 - 14*r + 42. Give j(-19).
-53
Let o(f) = f**3 + 9*f**2 + 8*f + 1. Give o(-8).
1
Let m(o) = -27*o + 115. Determine m(4).
7
Let j(f) = f**3 - f**2 - 2*f - 1. Give j(-2).
-9
Let l(o) = -o - 6. Calculate l(-3).
-3
Let p(w) = w**2 + 5*w - 7. Give p(-10).
43
Let s(a) = 5*a + 13. Determine s(-14).
-57
Let p(x) = 2*x**3 + x**2 - 2*x. Determine p(2).
16
Let d(b) = -b + 4. Determine d(8).
-4
Let y(q) = -4*q**2 - 7*q. Calculate y(-3).
-15
Let k(w) = -4*w**3 - w**2 + 2*w. What is k(3)?
-111
Let h(s) = s**3 - 8*s**2 + 29*s - 99. Give h(6).
3
Let i(g) = 2*g**2 + g + 51. What is i(0)?
51
Let f(k) = k + 3. What is f(-1)?
2
Let p(w) = -w**3 + 8*w**2 - 7*w - 1. Determine p(7).
-1
Let m(b) = 49*b + 84. What is m(-2)?
-14
Let h(n) = -n**2 - n. Give h(-1).
0
Let t(j) = -5*j + 3. Give t(-5).
28
Let o(y) = y**2 + 11*y + 17. Determine o(-10).
7
Let b(f) = -f**3 - 7*f**2 - 2*f - 15. Give b(-7).
-1
Let c(z) = -2*z**3 - z**2 + 3*z + 3. Determine c(-2).
9
Let m(v) = v**3 - 5*v**2 - 8*v - 9. Calculate m(-4).
-121
Let o(y) = 7*y - 470. Determine o(68).
6
Let k(t) = 2*t**3 - t**2 - 4*t - 2. Give k(-2).
-14
Let h(k) = k - 14. Determine h(11).
-3
Let b(s) = 6*s - 16. Determine b(0).
-16
Let u(f) = -f**2 - 4*f + 10. What is u(-7)?
-11
Let s(y) = 3*y - 14. Calculate s(0).
-14
Let n(c) = 4*c - 10. Calculate n(5).
10
Let i(l) = l**2 + 9*l + 12. Determine i(-5).
-8
Let x(l) = 24*l + 74. Calculate x(-3).
2
Let j(w) = -w**2 - 17*w + 106. Calculate j(-22).
-4
Let y(z) = -z**3 - 8*z**2 + 17*z - 17. Determine y(-10).
13
Let l(u) = u**3 + 4*u**2 - 4*u + 9. What is l(-5)?
4
Let h(w) = -w - 21. Determine h(0).
-21
Let x(o) = -9*o + 2. Determine x(-3).
29
Let r(i) = -i - 3. Give r(2).
-5
Let k(i) = i**3 + 2*i + 4. Determine k(-3).
-29
Let q(m) = 95*m - 564. What is q(6)?
6
Let u(f) = 18*f + 2. What is u(2)?
38
Let j(p) = 71*p + 4. What is j(-1)?
-67
Let g(c) = c + 23. What is g(-23)?
0
Let j(v) = -14*v**3 - v**2 - v + 2. Determine j(1).
-14
Let w(k) = -k**3 - 5*k**2 + 5*k - 14. Determine w(-6).
-8
Let c(d) = d**3 + 21*d**2 - 19*d + 66. Determine c(-22).
0
Let l(w) = 8*w + 66. Calculate l(-9).
-6
Let x(g) = -3*g**3 + 27*g**2 + 5*g - 32. Determine x(9).
13
Let w(r) = 3*r - 7. Determine w(-4).
-19
Let x(u) = u**3 + 7*u**2 - 9*u - 49. Give x(-7).
14
Let l(r) = -2*r - 1. Give l(11).
-23
Let p(x) = -x**3 - 6*x**2 - 5*x - 6. Calculate p(-5).
-6
Let m(n) = 2*n**3 - 3*n**2 - 3*n - 2. Determine m(3).
16
Let c(f) = 2*f + 32. What is c(-14)?
4
Let f(s) = -2*s**2 - 3*s + 7. What is f(-3)?
-2
Let b(c) = -2*c. What is b(-7)?
14
Let o(t) = 3*t**3 - 4*t**2 + t - 7. What is o(4)?
125
Let m(r) = -r**3 + 9*r**2 + 36*r - 143. Give m(11).
11
Let m(x) = -2*x**2 - 9*x + 15. Calculate m(-8).
-41
Let q(x) = -x**3 - 28*x**2 + 27*x - 56. What is q(-29)?
2
Let u(g) = g**2 + 5*g - 6. What is u(-5)?
-6
Let c(z) = -8*z - 83. Calculate c(-12).
13
Let g(i) = -i**3 + 17*i**2 - 5*i - 7. Determine g(17).
-92
Let z(i) = -2*i**2 - 7*i - 1. Determine z(-2).
5
Let v(m) = -m**2 - 12*m + 32. Give v(-14).
4
Let y(q) = 2*q**2 - 10*q + 59. What is y(6)?
71
Let f(v) = -4*v - 12. What is f(-6)?
12
Let w(l) = 13*l**3 - l**2 + 3*l - 2. Calculate w(1).
13
Let x(n) = n**3 + 12*n**2 + 11*n - 6. Give x(-11).
-6
Let o(m) = m**2 - 9*m - 11. Determine o(10).
-1
Let u(b) = -b**3 + 6*b**2 - 8*b + 3. What is u(5)?
-12
Let u(y) = 20*y + 70. Calculate u(-4).
-10
Let m(g) = g**2 + 16*g - 6. What is m(-11)?
-61
Let j(c) = 2*c**2 - 31*c + 177. Give j(8).
57
Let f(l) = -64*l - 75. Calculate f(-1).
-11
Let p(y) = -y**3 + 7*y**2 - 8*y + 47. Calculate p(7).
-9
Let d(s) = 2*s - 17. Calculate d(12).
7
Let k(f) = -2*f**2 - 12*f - 4. What is k(-7)?
-18
Let l(v) = -v**3 + 7*v**2 + 28*v + 16. Calculate l(10).
-4
Let h(z) = -z**2 - 7*z - 9. Give h(-6).
-3
Let w(q) = -q**3 - 5*q**2 - 4*q + 5. Calculate w(-4).
5
Let d(a) = 14*a**3 + 2*a**2 - a - 2. Give d(-1).
-13
Let r(j) = j**2 + 20*j - 17. Calculate r(-20).
-17
Let c(u) = 128*u**2 + 2*u + 1. Determine c(1).
131
Let j(u) = 2*u**2 + 22*u + 13. Give j(-10).
-7
Let x(p) = -p**2 - 4*p + 41. Determine x(11).
-124
Let n(g) = g + 4. Give n(0).
4
Let j(z) = -z**3 - 13*z**2 - 32*z - 26. What is j(-10)?
-6
Let x(c) = -3*c + 25. What is x(11)?
-8
Let t(f) = 2*f**3 - 3*f**2 - 5*f + 4. Give t(3).
16
Let n(k) = -2*k**2 + 18*k - 7. Give n(12).
-79
Let l(u) = -6*u + 105. Calculate l(17).
3
Let g(h) = -h**2 - 6*h - 24. What is g(0)?
-24
Let g(p) = -p**2 - 17*p - 80. Determine g(-11).
-14
Let i(f) = -4*f**2 + 3*f + 2. Calculate i(-1).
-5
Let v(f) = -f**2 + 4*f - 9. Determine v(7).
-30
Let z(j) = -j**2 + 9*j - 14. What is z(6)?
4
Let i(d) = d**3 - 11*d**2 + 28*d - 19. Give i(6).
-31
Let n(o) = 18*o + 9. What is n(-6)?
-99
Let d(h) = -h**3 - 14. What is d(0)?
-14
Let m(k) = 6*k - 12. Calculate m(13).
66
Let r(i) = -i**2 - 15*i + 95. Give r(5).
-5
Let y(d) = -3*d**3 - 2*d**2 - d + 6. Calculate y(3).
-96
Let v(a) = -2*a + 15. What is v(12)?
-9
Let m(q) = q**2 - 3*q + 3. What is m(0)?
3
Let p(h) = -h**2 + 8*h - 7. What is p(10)?
-27
Let b(m) = -2*m + 15. Determine b(-7).
29
Let y(x) = 3*x + 23. What is y(-5)?
8
Let o(p) = p**2 + 12*p - 2. Give o(0).
-2
Let i(k) = -k**3 - 6*k**2 + 23*k - 11. Determine i(-9).
25
Let c(v) = 8*v**3 - v. Determine c(-1).
-7
Let w(y) = y**2 - 2*y - 23. Determine w(6).
1
Let q(x) = -x**3 - 7*x**2 - 3*x + 4. What is q(-2)?
-10
Let g(p) = p**2 + p - 1. What is g(2)?
5
Let i(s) = 5*s**2 + 2*s - 1. Give i(-2).
15
Let d(f) = -28*f**3 + 2*f**2 - f - 1. Determine d(1).
-28
Let v(c) = 3*c**2 + 10*c - 19. Calculate v(-6).
29
Let u(a) = -a**2 - 10*a - 11. What is u(-8)?
5
Let a(w) = -w**2 + 16*w - 23. Calculate a(15).
-8
Let c(k) = 3*k**2 - 16*k - 7. Calculate c(7).
28
Let i(n) = -n + 30. What is i(27)?
3
Let v(c) = c. Give v(-5).
-5
Let q(r) = -r + 24. Give q(10).
14
Let p(k) = -k**3 - 2*k**2 - 3*k + 2. Calculate p(-4).
46
Let i(a) = 3*a**2 - 10*a + 21. What is i(5)?
46
Let r(w) = -4*w - 34. What is r(-10)?
6
Let h(l) = -l**3 - 9*l**2 + 21*l - 20. Calculate h(-11).
-9
Let b(y) = -2*y - 39. Calculate b(-12).
-15
Let q(i) = -i**2 - 17*i + 37. Calculate q(-19).
-1
Let f(r) = 17*r - 10. Give f(-5).
-95
Let i(k) = k**3 - 2*k**2 + 4*k - 3. Calculate i(3).
18
Let h(j) = -j**2 - 7*j + 16. What is h(-7)?
16
Let o(d) = 44*d + 434. Determine o(-10).
-6
Let f(o) = o**3 - 16*o**2 - 37*o + 11. What is f(18)?
-7
Let i(w) = -w**3 + 2*w**2 + w + 9. Give i(0).
9
Let l(a) = -a**3 - 9*a**2 - 11. Give l(-9).
-11
Let z(v) = v**3 + 8*v**2 + 10*v - 14. Calculate z(-6).
-2
Let q(d) = -d + 15. Calculate q(11).
4
Let y(d) = d**3 - 10*d**2 + 24*d - 17. Determine y(7).
4
Let q(m) = -m**3 - 4*m**2 - 3*m. Determine q(-2).
-2
Let d(a) = 4*a**2 - 31*a - 3. Calculate d(8).
5
Let b(r) = -12*r + 20. What is b(0)?
20
Let y(i) = 2*i**2 + 21*i - 40. Calculate y(-12).
-4
Let s(n) = n**2 - 30*n + 105. Calculate s(4).
1
Let k(v) = v**3 + 7*v**2 + 8*v + 13. Calculate k(-6).
1
Let t(a) = -a**3 + 5*a**2 + 19*a + 7. Determine t(8).
-33
Let x(s) = s**2 + 5*s + 7. 